tor of 770 and 70?
70
What is the highest common divisor of 202 and 2?
2
What is the greatest common divisor of 12 and 360?
12
Calculate the highest common factor of 120 and 555.
15
What is the highest common factor of 462 and 336?
42
What is the highest common factor of 183 and 9577?
61
Calculate the highest common factor of 32 and 64.
32
What is the greatest common divisor of 275 and 50?
25
What is the greatest common divisor of 2941 and 187?
17
What is the greatest common factor of 27 and 63?
9
What is the highest common factor of 777 and 1776?
111
Calculate the highest common factor of 84 and 2324.
28
What is the highest common factor of 10802 and 44?
22
Calculate the greatest common divisor of 462 and 11.
11
What is the highest common divisor of 70 and 182?
14
Calculate the highest common divisor of 1029 and 21.
21
What is the highest common factor of 2 and 603?
1
Calculate the highest common factor of 6688 and 16.
16
What is the highest common divisor of 2544 and 624?
48
What is the highest common divisor of 24 and 9258?
6
Calculate the greatest common divisor of 81 and 729.
81
What is the greatest common factor of 20244 and 84?
84
What is the highest common divisor of 477 and 212?
53
Calculate the greatest common factor of 1479 and 51.
51
What is the highest common factor of 77 and 28?
7
What is the highest common factor of 7375 and 250?
125
What is the highest common divisor of 705 and 5781?
141
Calculate the greatest common factor of 183 and 6954.
183
What is the highest common divisor of 89 and 26344?
89
Calculate the greatest common divisor of 388 and 4.
4
Calculate the greatest common divisor of 32 and 168.
8
What is the greatest common factor of 4401 and 27?
27
What is the greatest common divisor of 490 and 2960?
10
Calculate the highest common divisor of 18 and 150.
6
Calculate the highest common factor of 21 and 294.
21
What is the highest common divisor of 48 and 100?
4
What is the greatest common factor of 56 and 34?
2
Calculate the highest common divisor of 7 and 13.
1
Calculate the greatest common divisor of 120 and 1380.
60
Calculate the greatest common factor of 14 and 287.
7
Calculate the greatest common factor of 368 and 48.
16
What is the highest common factor of 1254 and 88?
22
What is the highest common divisor of 165 and 649?
11
Calculate the highest common divisor of 132 and 36.
12
What is the greatest common factor of 1024 and 640?
128
Calculate the greatest common factor of 158 and 2528.
158
Calculate the highest common divisor of 344 and 32.
8
What is the greatest common divisor of 149 and 1?
1
What is the greatest common divisor of 36936 and 152?
152
Calculate the highest common divisor of 6 and 2586.
6
What is the greatest common factor of 124 and 217?
31
Calculate the highest common divisor of 7 and 161.
7
What is the greatest common factor of 270 and 351?
27
What is the highest common divisor of 280 and 640?
40
Calculate the highest common factor of 664 and 8.
8
What is the greatest common factor of 459 and 816?
51
Calculate the greatest common factor of 28 and 119.
7
What is the highest common divisor of 290 and 70?
10
What is the greatest common divisor of 14040 and 108?
108
Calculate the highest common divisor of 1848 and 33.
33
What is the highest common factor of 95 and 38?
19
Calculate the greatest common divisor of 29 and 232.
29
Calculate the highest common factor of 2376 and 11.
11
What is the greatest common divisor of 294 and 7742?
98
Calculate the greatest common divisor of 2516 and 68.
68
Calculate the greatest common divisor of 136 and 32.
8
What is the greatest common divisor of 579 and 12?
3
What is the highest common factor of 24 and 528?
24
Calculate the highest common divisor of 25680 and 120.
120
What is the highest common divisor of 1491 and 168?
21
Calculate the highest common factor of 13818 and 588.
294
What is the greatest common divisor of 18 and 24?
6
Calculate the greatest common factor of 1664 and 260.
52
What is the highest common divisor of 435 and 116?
29
Calculate the greatest common factor of 824 and 8.
8
Calculate the highest common factor of 2592 and 81.
81
Calculate the highest common factor of 152 and 12312.
152
Calculate the highest common divisor of 897 and 39.
39
What is the greatest common factor of 370 and 8954?
74
What is the highest common factor of 23 and 1219?
23
Calculate the highest common factor of 29 and 493.
29
What is the highest common factor of 7657 and 4030?
403
Calculate the greatest common factor of 15 and 45.
15
Calculate the greatest common factor of 74 and 111.
37
What is the greatest common divisor of 70 and 105?
35
What is the highest common divisor of 1108 and 6925?
277
What is the highest common factor of 180 and 1665?
45
What is the greatest common factor of 3263 and 442?
13
What is the greatest common divisor of 7392 and 64?
32
Calculate the greatest common divisor of 3 and 207.
3
Calculate the greatest common divisor of 1365 and 3510.
195
What is the greatest common divisor of 49 and 196?
49
What is the greatest common divisor of 6 and 166?
2
Calculate the greatest common divisor of 24 and 204.
12
What is the greatest common factor of 15 and 1815?
15
What is the greatest common factor of 10 and 465?
5
Calculate the highest common factor of 66 and 3894.
66
What is the greatest common divisor of 320 and 60?
20
What is the greatest common factor of 153 and 18?
9
Calculate the highest common divisor of 276 and 207.
69
Calculate the greatest common divisor of 3542 and 28.
14
What is the highest common factor of 517 and 47?
47
What is the highest common factor of 288 and 36?
36
What is the greatest common divisor of 4870 and 140?
10
What is the highest common factor of 43173 and 234?
117
What is the greatest common divisor of 14 and 112?
14
Calculate the highest common divisor of 8 and 15600.
8
What is the highest common factor of 60 and 120?
60
Calculate the greatest common divisor of 2500 and 150.
50
What is the greatest common divisor of 99 and 825?
33
Calculate the greatest common divisor of 350 and 280.
70
What is the greatest common factor of 2632 and 280?
56
Calculate the greatest common factor of 5253 and 51.
51
Calculate the highest common factor of 738 and 41.
41
Calculate the greatest common factor of 609 and 116.
29
Calculate the greatest common divisor of 116 and 3422.
58
What is the highest common factor of 8468 and 464?
116
Calculate the greatest common factor of 118 and 177.
59
Calculate the greatest common factor of 18 and 32.
2
What is the greatest common divisor of 24 and 78?
6
What is the highest common divisor of 9 and 5553?
9
What is the greatest common divisor of 115 and 10?
5
Calculate the greatest common factor of 572 and 176.
44
What is the greatest common divisor of 138 and 1334?
46
What is the greatest common factor of 114 and 190?
38
What is the highest common factor of 200 and 160?
40
What is the highest common divisor of 104 and 2132?
52
Calculate the highest common divisor of 495 and 22.
11
What is the highest common divisor of 364 and 336?
28
Calculate the highest common divisor of 2604 and 310.
62
Calculate the highest common divisor of 42 and 140.
14
What is the greatest common factor of 46 and 2?
2
Calculate the highest common divisor of 441 and 3479.
49
Calculate the highest common divisor of 232 and 899.
29
Calculate the greatest common divisor of 40 and 64.
8
Calculate the highest common divisor of 1625 and 250.
125
Calculate the highest common divisor of 8279 and 17.
17
Calculate the highest common factor of 235 and 14899.
47
Calculate the highest common factor of 11298 and 42.
42
Calculate the greatest common divisor of 275 and 33.
11
What is the greatest common divisor of 450 and 72?
18
Calculate the greatest common divisor of 30 and 1794.
6
Calculate the highest common factor of 15 and 555.
15
Calculate the greatest common divisor of 13 and 68081.
13
What is the highest common factor of 130 and 30?
10
What is the greatest common divisor of 148 and 44?
4
Calculate the greatest common divisor of 17 and 136.
17
What is the highest common factor of 2484 and 8?
4
What is the greatest common divisor of 459 and 102?
51
What is the greatest common divisor of 134 and 603?
67
What is the greatest common divisor